725615 prime?
False
Is 527577727 a composite number?
False
Is 10720907221 prime?
True
Is 1130555669 a prime number?
False
Is 4171876511 prime?
False
Is 2287036138 composite?
True
Is 59383808807 a prime number?
False
Is 22071262013 a composite number?
False
Is 2649653849 prime?
True
Is 146190853646 a prime number?
False
Is 107265903383 a composite number?
False
Is 1455208583 composite?
True
Is 12607478869 prime?
False
Is 605616673 a prime number?
True
Is 88104774137 composite?
True
Is 682549759 composite?
False
Is 662775037 composite?
False
Is 213702817 prime?
True
Is 546575969 prime?
False
Is 2264265781 a composite number?
False
Is 1697149427 a composite number?
False
Is 39251450191 prime?
True
Is 39204589378 a prime number?
False
Is 145940867 composite?
False
Is 2273577395 prime?
False
Is 17056922807 prime?
True
Is 8277206921 a prime number?
True
Is 560412283 composite?
True
Is 113270208011 prime?
False
Is 13370443 a composite number?
False
Is 30434014283 a composite number?
False
Is 4496849729 a composite number?
False
Is 128194303 a prime number?
False
Is 5796995317 a prime number?
True
Is 1202288771 a prime number?
True
Is 1516782277 composite?
True
Is 69554571 prime?
False
Is 24442257143 a prime number?
False
Is 186518714141 prime?
True
Is 433908401 a prime number?
True
Is 117054039617 a composite number?
False
Is 136790111 a prime number?
True
Is 20616350999 prime?
True
Is 1200373033 prime?
True
Is 724904339 composite?
False
Is 8895492211 a composite number?
False
Is 11623600979 prime?
True
Is 812016419 a prime number?
True
Is 16504353709 a composite number?
True
Is 62775283939 composite?
False
Is 640344451 prime?
True
Is 13431762583 a composite number?
True
Is 87586171 prime?
True
Is 2973762929 composite?
False
Is 323565149 composite?
False
Is 71065927 prime?
False
Is 1839585703 prime?
True
Is 27683184713 prime?
True
Is 9440946431 a prime number?
False
Is 5606852063 composite?
True
Is 468258391 a composite number?
False
Is 33642313459 a composite number?
False
Is 164836283 a prime number?
True
Is 20701525101 composite?
True
Is 286054201 prime?
True
Is 1435678701 a prime number?
False
Is 179930857 a prime number?
True
Is 4522636609 a composite number?
False
Is 42336089078 a prime number?
False
Is 109575419359 a composite number?
True
Is 65749036811 a prime number?
True
Is 88802839 a prime number?
False
Is 6248289017 prime?
True
Is 8172710867 a composite number?
False
Is 15658307869 prime?
True
Is 34028252393 a prime number?
False
Is 24732836677 composite?
True
Is 4454492233 a composite number?
False
Is 38810451983 composite?
False
Is 25981679729 composite?
False
Is 259082167 a prime number?
True
Is 26394074851 a prime number?
True
Is 57787529 a composite number?
False
Is 5422388927 a prime number?
True
Is 4882832467 a prime number?
True
Is 56985546977 prime?
True
Is 796180433 a composite number?
False
Is 361231643407 a composite number?
False
Is 2566690859 a prime number?
True
Is 17201323 prime?
True
Is 776229821 composite?
False
Is 1489036739 composite?
True
Is 1314060323 a prime number?
False
Is 23307905939 prime?
True
Is 824608319 a composite number?
False
Is 205186791 composite?
True
Is 430652699 a composite number?
True
Is 11423010953 composite?
False
Is 134259420863 a prime number?
True
Is 98404171 a composite number?
True
Is 2358435919 a prime number?
False
Is 118834073 composite?
False
Is 853603193 a composite number?
False
Is 306168701 a prime number?
True
Is 680863399 composite?
True
Is 2239121347 a composite number?
False
Is 13287283247 composite?
True
Is 3830426449 composite?
False
Is 359555578 a composite number?
True
Is 19731226705 prime?
False
Is 1122476653 prime?
True
Is 67480244347 a prime number?
True
Is 26468678157 composite?
True
Is 74842830791 a prime number?
False
Is 11098391039 a composite number?
False
Is 68376654469 prime?
False
Is 7891989689 a composite number?
False
Is 492483293 a composite number?
True
Is 14431709003 a composite number?
True
Is 347725997 a prime number?
True
Is 72343519 a prime number?
False
Is 2417993917 a composite number?
True
Is 538085291 composite?
False
Is 7456694363 a prime number?
True
Is 24306819973 prime?
True
Is 63239047531 a prime number?
False
Is 8730288067 a composite number?
True
Is 179731843 a composite number?
False
Is 6580509037 a composite number?
False
Is 76267755077 a composite number?
False
Is 870431071 prime?
False
Is 21341802359 a prime number?
False
Is 1152471113 a prime number?
True
Is 1082676337 a prime number?
True
Is 34422274401 composite?
True
Is 13957356307 a prime number?
True
Is 4448186147 a composite number?
True
Is 378491119 a prime number?
True
Is 13830726769 a composite number?
False
Is 2412982303 a composite number?
True
Is 5703134543 composite?
False
Is 311630981 composite?
False
Is 18454938673 a composite number?
False
Is 2502606709 composite?
False
Is 54242168471 composite?
True
Is 1214353534 composite?
True
Is 423314971 composite?
False
Is 58424036443 a composite number?
True
Is 10235350537 a composite number?
False
Is 328534805 prime?
False
Is 214641257 composite?
False
Is 15682538897 prime?
True
Is 214243608431 a composite number?
True
Is 108623321 a composite number?
True
Is 25385753 composite?
True
Is 1903137553 a prime number?
False
Is 6091850087 a prime number?
False
Is 327330876863 composite?
False
Is 23964374453 composite?
False
Is 184302314059 composite?
True
Is 336704735 a prime number?
False
Is 32922216889 a composite number?
False
Is 6654409529 prime?
True
Is 1510994677 a composite number?
True
Is 26576066081 a composite number?
True
Is 34456662241 prime?
False
Is 2050148357 a prime number?
True
Is 100657072961 prime?
True
Is 61386038281 composite?
False
Is 22305888161 a composite number?
False
Is 139243193 a prime number?
False
Is 11954757317 composite?
False
Is 1621648319 a composite number?
True
Is 967004026 prime?
False
Is 416837711 prime?
True
Is 3214022393 prime?
True
Is 23343185651 a composite number?
False
Is 181289874317 a composite number?
True
Is 10507777421 prime?
True
Is 20239064929 a prime number?
False
Is 11020724081 prime?
True
Is 9350399 composite?
False
Is 16338933197 a composite number?
False
Is 24055017419 a prime number?
True
Is 5871254663 prime?
True
Is 1592328949 prime?
True
Is 44999503091 a prime number?
False
Is 140383 composite?
True
Is 9891203033 a composite number?
True
Is 713314597 a composite number?
True
Is 20245324443 a composite number?
True
Is 193297331373 composite?
True
Is 748564987 a prime number?
False
Is 23439854459 composite?
True
Is 159559516873 a composite number?
False
Is 224072907 prime?
False
Is 178159290293 a prime number?
True
Is 4815913589 prime?
False
Is 7134146909 composite?
False
Is 5308709621 prime?
True
Is 1590538493 prime?
True
Is 1478599921 a prime number?
False
Is 506081339 a prime number?
True
Is 14503642331 composite?
False
Is 8442869 composite?
False
Is 13061385361 prime?
False
Is 22611941717 a prime number?
True
Is 431019857 a prime number?
True
Is 94034131649 prime?
True
Is 671120497 a composite number?
False
Is 16462783657 a composite number?
False
Is 5750564227 composite?
False
Is 5886675481 a composite number?
False
Is 6923746811 prime?
True
Is 4179749317 prime?
False
Is 300449057 a prime number?
False
Is 3456723691 a composite number?
False
Is 124489259 a prime number?
False
Is 13166153753 composite?
False
Is 2966160367 a composite number?
True
Is 2176570657 a prime number?
False
Is 525980729 a composite number?
False
Is 20336509 composite?
True
Is 5370304007 a prime number?
True
Is 79173053 a prime number?
False
Is 204943751 a prime number?
True
Is 1399486537 composite?
True
Is 85030435289 a prime number?
True
Is 39918868867 a composite number?
False
Is 4204501291 a composite number?
True
Is 22313236349 a composite number?
False
Is 434852203 a composite number?
False
Is 1403469943 composite?
True
Is 58754786177 prime?
True
Is 37137865901 composite?
False
Is 478869961 prime?
True
Is 23796091 a prime number?
False
Is 1804575571 composite?
True
Is 61919131 a prime number?
True
Is 9238736959 a prime number?
True
Is 4066093069 prime?
False
Is 148913691551 prime?
True
Is 144586667 prime?
True
Is 45445950271 a prime number?
False
Is 3715074793 a composite number?
True
Is 864163